{"id":66,"date":"2023-02-14T12:24:55","date_gmt":"2023-02-14T12:24:55","guid":{"rendered":"https:\/\/demo.sparkletheme.com\/fitness-fse\/?page_id=66"},"modified":"2024-03-15T15:21:18","modified_gmt":"2024-03-15T14:21:18","slug":"blog-grid","status":"publish","type":"page","link":"https:\/\/spartanfitselce.com\/?page_id=66","title":{"rendered":"Blog"},"content":{"rendered":"\n<div class=\"wp-block-group alignfull is-layout-constrained wp-container-core-group-is-layout-19 wp-block-group-is-layout-constrained\" style=\"padding-top:80px;padding-right:0px;padding-bottom:80px;padding-left:0px\">\n<div class=\"wp-block-group alignwide is-layout-flow wp-container-core-group-is-layout-5 wp-block-group-is-layout-flow\" style=\"padding-bottom:30px\">\n<div class=\"wp-block-group is-content-justification-space-between is-layout-flex wp-container-core-group-is-layout-4 wp-block-group-is-layout-flex\" style=\"padding-top:0px;padding-right:0px;padding-bottom:0px;padding-left:0px\">\n<div class=\"wp-block-group is-layout-constrained wp-container-core-group-is-layout-3 wp-block-group-is-layout-constrained\">\n<div class=\"wp-block-group animated animated-fadeInUp is-nowrap is-layout-flex wp-container-core-group-is-layout-2 wp-block-group-is-layout-flex\">\n<div class=\"wp-block-group is-layout-flow wp-block-group-is-layout-flow\">\n<hr class=\"wp-block-separator has-text-color has-primary-color has-alpha-channel-opacity has-primary-background-color has-background\"\/>\n<\/div>\n\n\n\n<p class=\"has-text-align-left has-primary-color has-text-color has-medium-font-size\" style=\"letter-spacing:1px\">From Us To You<\/p>\n<\/div>\n\n\n\n<h2 class=\"wp-block-heading has-text-align-left animated animated-fadeInUp has-slider-title-font-size\" style=\"line-height:1.3\">Recent News<\/h2>\n<\/div>\n<\/div>\n<\/div>\n\n\n\n<div class=\"wp-block-group alignwide is-layout-constrained wp-block-group-is-layout-constrained\">\n<main class=\"wp-block-query alignwide is-layout-flow wp-block-query-is-layout-flow\"><ul class=\"columns-3 alignwide grid-layout wp-block-post-template is-layout-grid wp-container-core-post-template-is-layout-1 wp-block-post-template-is-layout-grid\"><li class=\"wp-block-post post-2566 post type-post status-publish format-standard has-post-thumbnail hentry category-blog\">\n\n<div class=\"wp-block-group has-shadow-dark animated animated-fadeInUp is-layout-constrained wp-container-core-group-is-layout-7 wp-block-group-is-layout-constrained\" style=\"padding-top:0px;padding-right:0px;padding-bottom:0px;padding-left:0px\"><figure class=\"alignwide no-padding wp-block-post-featured-image\"><a href=\"https:\/\/spartanfitselce.com\/?p=2566\" target=\"_self\"  ><img loading=\"lazy\" decoding=\"async\" width=\"1920\" height=\"1080\" src=\"https:\/\/spartanfitselce.com\/wp-content\/uploads\/2025\/05\/492911204_1280074143883181_5441270741412558679_n.jpg\" class=\"attachment-post-thumbnail size-post-thumbnail wp-post-image\" alt=\"Glavni razlog za\u0161to se bavim onime \u010dime se bavim\" style=\"object-fit:cover;\" srcset=\"https:\/\/spartanfitselce.com\/wp-content\/uploads\/2025\/05\/492911204_1280074143883181_5441270741412558679_n.jpg 1920w, https:\/\/spartanfitselce.com\/wp-content\/uploads\/2025\/05\/492911204_1280074143883181_5441270741412558679_n-300x169.jpg 300w, https:\/\/spartanfitselce.com\/wp-content\/uploads\/2025\/05\/492911204_1280074143883181_5441270741412558679_n-1024x576.jpg 1024w, https:\/\/spartanfitselce.com\/wp-content\/uploads\/2025\/05\/492911204_1280074143883181_5441270741412558679_n-768x432.jpg 768w, https:\/\/spartanfitselce.com\/wp-content\/uploads\/2025\/05\/492911204_1280074143883181_5441270741412558679_n-1536x864.jpg 1536w\" sizes=\"auto, (max-width: 1920px) 100vw, 1920px\" \/><\/a><\/figure>\n\n\n<div class=\"wp-block-group alignwide has-background-background-color has-background is-layout-flow wp-container-core-group-is-layout-6 wp-block-group-is-layout-flow\" style=\"margin-top:0px;padding-top:40px;padding-right:40px;padding-bottom:40px;padding-left:40px\"><h3 style=\"font-style:normal;font-weight:600;\" class=\"alignwide wp-block-post-title has-large-font-size\"><a href=\"https:\/\/spartanfitselce.com\/?p=2566\" target=\"_self\" >Glavni razlog za\u0161to se bavim onime \u010dime se bavim<\/a><\/h3>\n\n<div style=\"font-style:normal;font-weight:300;\" class=\"has-link-color wp-elements-2920b6a6b0d3e465a7ea751f3ab719c4 wp-block-post-date has-small-font-size\"><time datetime=\"2025-05-11T13:10:29+02:00\"><a href=\"https:\/\/spartanfitselce.com\/?p=2566\">May 11, 2025<\/a><\/time><\/div>\n\n<div class=\"has-link-color wp-elements-4f13d728141940ba53feeec060a0c2dd wp-block-post-excerpt\"><p class=\"wp-block-post-excerpt__excerpt\">Zavr\u0161en je prvi ciklus na\u0161eg 28-dnevnog izazova! Prije nego pitate otvoriti \u0107emo jo\u0161 jedan za novih 4-5 polaznica, ali malo kasnije od predvi\u0111enog s obzirom na ostale \u017eivotne obaveze do [&hellip;]<\/p><p class=\"wp-block-post-excerpt__more-text\"><a class=\"wp-block-post-excerpt__more-link\" href=\"https:\/\/spartanfitselce.com\/?p=2566\">Know More<a role=\"textbox\" aria-label=\"&quot;Read more&quot; link text\" class=\"block-editor-rich-text__editable wp-block-post-excerpt__more-link rich-text\" style=\"font-size: revert;font-family: var(--wp--preset--font-family--poppins);min-width: 1px\"><\/a><\/a><\/p><\/div><\/div>\n<\/div>\n\n<\/li><li class=\"wp-block-post post-1544 post type-post status-publish format-standard has-post-thumbnail hentry category-history\">\n\n<div class=\"wp-block-group has-shadow-dark animated animated-fadeInUp is-layout-constrained wp-container-core-group-is-layout-9 wp-block-group-is-layout-constrained\" style=\"padding-top:0px;padding-right:0px;padding-bottom:0px;padding-left:0px\"><figure class=\"alignwide no-padding wp-block-post-featured-image\"><a href=\"https:\/\/spartanfitselce.com\/?p=1544\" target=\"_self\"  ><img loading=\"lazy\" decoding=\"async\" width=\"2560\" height=\"818\" src=\"https:\/\/spartanfitselce.com\/wp-content\/uploads\/2024\/03\/402662841_891912712699328_9163590118496362961_n-scaled.jpg\" class=\"attachment-post-thumbnail size-post-thumbnail wp-post-image\" alt=\"Spartans Through the Years: Version &#8216;Little House of Pain&#8217;\" style=\"object-fit:cover;\" srcset=\"https:\/\/spartanfitselce.com\/wp-content\/uploads\/2024\/03\/402662841_891912712699328_9163590118496362961_n-scaled.jpg 2560w, https:\/\/spartanfitselce.com\/wp-content\/uploads\/2024\/03\/402662841_891912712699328_9163590118496362961_n-300x96.jpg 300w, https:\/\/spartanfitselce.com\/wp-content\/uploads\/2024\/03\/402662841_891912712699328_9163590118496362961_n-1024x327.jpg 1024w, https:\/\/spartanfitselce.com\/wp-content\/uploads\/2024\/03\/402662841_891912712699328_9163590118496362961_n-768x245.jpg 768w, https:\/\/spartanfitselce.com\/wp-content\/uploads\/2024\/03\/402662841_891912712699328_9163590118496362961_n-1536x491.jpg 1536w, https:\/\/spartanfitselce.com\/wp-content\/uploads\/2024\/03\/402662841_891912712699328_9163590118496362961_n-2048x654.jpg 2048w\" sizes=\"auto, (max-width: 2560px) 100vw, 2560px\" \/><\/a><\/figure>\n\n\n<div class=\"wp-block-group alignwide has-background-background-color has-background is-layout-flow wp-container-core-group-is-layout-8 wp-block-group-is-layout-flow\" style=\"margin-top:0px;padding-top:40px;padding-right:40px;padding-bottom:40px;padding-left:40px\"><h3 style=\"font-style:normal;font-weight:600;\" class=\"alignwide wp-block-post-title has-large-font-size\"><a href=\"https:\/\/spartanfitselce.com\/?p=1544\" target=\"_self\" >Spartans Through the Years: Version &#8216;Little House of Pain&#8217;<\/a><\/h3>\n\n<div style=\"font-style:normal;font-weight:300;\" class=\"has-link-color wp-elements-2920b6a6b0d3e465a7ea751f3ab719c4 wp-block-post-date has-small-font-size\"><time datetime=\"2023-11-22T02:34:58+01:00\"><a href=\"https:\/\/spartanfitselce.com\/?p=1544\">November 22, 2023<\/a><\/time><\/div>\n\n<div class=\"has-link-color wp-elements-4f13d728141940ba53feeec060a0c2dd wp-block-post-excerpt\"><p class=\"wp-block-post-excerpt__excerpt\">Let&#8217;s be realistic, everyone who decides to take this step and talks him\/herself into it, regardless of where and with whom they train, has a somewhat masochistic element within themselves. [&hellip;]<\/p><p class=\"wp-block-post-excerpt__more-text\"><a class=\"wp-block-post-excerpt__more-link\" href=\"https:\/\/spartanfitselce.com\/?p=1544\">Know More<a role=\"textbox\" aria-label=\"&quot;Read more&quot; link text\" class=\"block-editor-rich-text__editable wp-block-post-excerpt__more-link rich-text\" style=\"font-size: revert;font-family: var(--wp--preset--font-family--poppins);min-width: 1px\"><\/a><\/a><\/p><\/div><\/div>\n<\/div>\n\n<\/li><li class=\"wp-block-post post-1549 post type-post status-publish format-standard has-post-thumbnail hentry category-history\">\n\n<div class=\"wp-block-group has-shadow-dark animated animated-fadeInUp is-layout-constrained wp-container-core-group-is-layout-11 wp-block-group-is-layout-constrained\" style=\"padding-top:0px;padding-right:0px;padding-bottom:0px;padding-left:0px\"><figure class=\"alignwide no-padding wp-block-post-featured-image\"><a href=\"https:\/\/spartanfitselce.com\/?p=1549\" target=\"_self\"  ><img loading=\"lazy\" decoding=\"async\" width=\"2048\" height=\"1349\" src=\"https:\/\/spartanfitselce.com\/wp-content\/uploads\/2024\/03\/399032551_881256203764979_3458444345832028751_n.jpg\" class=\"attachment-post-thumbnail size-post-thumbnail wp-post-image\" alt=\"Spartans Through the Years\" style=\"object-fit:cover;\" srcset=\"https:\/\/spartanfitselce.com\/wp-content\/uploads\/2024\/03\/399032551_881256203764979_3458444345832028751_n.jpg 2048w, https:\/\/spartanfitselce.com\/wp-content\/uploads\/2024\/03\/399032551_881256203764979_3458444345832028751_n-300x198.jpg 300w, https:\/\/spartanfitselce.com\/wp-content\/uploads\/2024\/03\/399032551_881256203764979_3458444345832028751_n-1024x675.jpg 1024w, https:\/\/spartanfitselce.com\/wp-content\/uploads\/2024\/03\/399032551_881256203764979_3458444345832028751_n-768x506.jpg 768w, https:\/\/spartanfitselce.com\/wp-content\/uploads\/2024\/03\/399032551_881256203764979_3458444345832028751_n-1536x1012.jpg 1536w\" sizes=\"auto, (max-width: 2048px) 100vw, 2048px\" \/><\/a><\/figure>\n\n\n<div class=\"wp-block-group alignwide has-background-background-color has-background is-layout-flow wp-container-core-group-is-layout-10 wp-block-group-is-layout-flow\" style=\"margin-top:0px;padding-top:40px;padding-right:40px;padding-bottom:40px;padding-left:40px\"><h3 style=\"font-style:normal;font-weight:600;\" class=\"alignwide wp-block-post-title has-large-font-size\"><a href=\"https:\/\/spartanfitselce.com\/?p=1549\" target=\"_self\" >Spartans Through the Years<\/a><\/h3>\n\n<div style=\"font-style:normal;font-weight:300;\" class=\"has-link-color wp-elements-2920b6a6b0d3e465a7ea751f3ab719c4 wp-block-post-date has-small-font-size\"><time datetime=\"2023-11-04T02:40:22+01:00\"><a href=\"https:\/\/spartanfitselce.com\/?p=1549\">November 4, 2023<\/a><\/time><\/div>\n\n<div class=\"has-link-color wp-elements-4f13d728141940ba53feeec060a0c2dd wp-block-post-excerpt\"><p class=\"wp-block-post-excerpt__excerpt\">Sometimes I feel sorry that I don&#8217;t have more of those &#8220;before and after&#8221; photos or that I didn&#8217;t capture a special moment from our history, but these photos certainly [&hellip;]<\/p><p class=\"wp-block-post-excerpt__more-text\"><a class=\"wp-block-post-excerpt__more-link\" href=\"https:\/\/spartanfitselce.com\/?p=1549\">Know More<a role=\"textbox\" aria-label=\"&quot;Read more&quot; link text\" class=\"block-editor-rich-text__editable wp-block-post-excerpt__more-link rich-text\" style=\"font-size: revert;font-family: var(--wp--preset--font-family--poppins);min-width: 1px\"><\/a><\/a><\/p><\/div><\/div>\n<\/div>\n\n<\/li><li class=\"wp-block-post post-1558 post type-post status-publish format-standard has-post-thumbnail hentry category-history\">\n\n<div class=\"wp-block-group has-shadow-dark animated animated-fadeInUp is-layout-constrained wp-container-core-group-is-layout-13 wp-block-group-is-layout-constrained\" style=\"padding-top:0px;padding-right:0px;padding-bottom:0px;padding-left:0px\"><figure class=\"alignwide no-padding wp-block-post-featured-image\"><a href=\"https:\/\/spartanfitselce.com\/?p=1558\" target=\"_self\"  ><img loading=\"lazy\" decoding=\"async\" width=\"957\" height=\"572\" src=\"https:\/\/spartanfitselce.com\/wp-content\/uploads\/2024\/03\/398173978_880208547203078_8025742563402438159_n-1.jpg\" class=\"attachment-post-thumbnail size-post-thumbnail wp-post-image\" alt=\"Our Humble Beginnings\" style=\"object-fit:cover;\" srcset=\"https:\/\/spartanfitselce.com\/wp-content\/uploads\/2024\/03\/398173978_880208547203078_8025742563402438159_n-1.jpg 957w, https:\/\/spartanfitselce.com\/wp-content\/uploads\/2024\/03\/398173978_880208547203078_8025742563402438159_n-1-300x179.jpg 300w, https:\/\/spartanfitselce.com\/wp-content\/uploads\/2024\/03\/398173978_880208547203078_8025742563402438159_n-1-768x459.jpg 768w\" sizes=\"auto, (max-width: 957px) 100vw, 957px\" \/><\/a><\/figure>\n\n\n<div class=\"wp-block-group alignwide has-background-background-color has-background is-layout-flow wp-container-core-group-is-layout-12 wp-block-group-is-layout-flow\" style=\"margin-top:0px;padding-top:40px;padding-right:40px;padding-bottom:40px;padding-left:40px\"><h3 style=\"font-style:normal;font-weight:600;\" class=\"alignwide wp-block-post-title has-large-font-size\"><a href=\"https:\/\/spartanfitselce.com\/?p=1558\" target=\"_self\" >Our Humble Beginnings<\/a><\/h3>\n\n<div style=\"font-style:normal;font-weight:300;\" class=\"has-link-color wp-elements-2920b6a6b0d3e465a7ea751f3ab719c4 wp-block-post-date has-small-font-size\"><time datetime=\"2023-11-02T02:49:54+01:00\"><a href=\"https:\/\/spartanfitselce.com\/?p=1558\">November 2, 2023<\/a><\/time><\/div>\n\n<div class=\"has-link-color wp-elements-4f13d728141940ba53feeec060a0c2dd wp-block-post-excerpt\"><p class=\"wp-block-post-excerpt__excerpt\">The interior of our fitness center might be small &#8211; actually, it&#8217;s not just small, it&#8217;s really small &#8211; but its usability is truly at a high level. Considering that [&hellip;]<\/p><p class=\"wp-block-post-excerpt__more-text\"><a class=\"wp-block-post-excerpt__more-link\" href=\"https:\/\/spartanfitselce.com\/?p=1558\">Know More<a role=\"textbox\" aria-label=\"&quot;Read more&quot; link text\" class=\"block-editor-rich-text__editable wp-block-post-excerpt__more-link rich-text\" style=\"font-size: revert;font-family: var(--wp--preset--font-family--poppins);min-width: 1px\"><\/a><\/a><\/p><\/div><\/div>\n<\/div>\n\n<\/li><li class=\"wp-block-post post-1561 post type-post status-publish format-standard has-post-thumbnail hentry category-history\">\n\n<div class=\"wp-block-group has-shadow-dark animated animated-fadeInUp is-layout-constrained wp-container-core-group-is-layout-15 wp-block-group-is-layout-constrained\" style=\"padding-top:0px;padding-right:0px;padding-bottom:0px;padding-left:0px\"><figure class=\"alignwide no-padding wp-block-post-featured-image\"><a href=\"https:\/\/spartanfitselce.com\/?p=1561\" target=\"_self\"  ><img loading=\"lazy\" decoding=\"async\" width=\"640\" height=\"640\" src=\"https:\/\/spartanfitselce.com\/wp-content\/uploads\/2024\/03\/398053856_879671173923482_178239240067629595_n.jpg\" class=\"attachment-post-thumbnail size-post-thumbnail wp-post-image\" alt=\"A Little Taste of History\" style=\"object-fit:cover;\" srcset=\"https:\/\/spartanfitselce.com\/wp-content\/uploads\/2024\/03\/398053856_879671173923482_178239240067629595_n.jpg 640w, https:\/\/spartanfitselce.com\/wp-content\/uploads\/2024\/03\/398053856_879671173923482_178239240067629595_n-300x300.jpg 300w, https:\/\/spartanfitselce.com\/wp-content\/uploads\/2024\/03\/398053856_879671173923482_178239240067629595_n-150x150.jpg 150w\" sizes=\"auto, (max-width: 640px) 100vw, 640px\" \/><\/a><\/figure>\n\n\n<div class=\"wp-block-group alignwide has-background-background-color has-background is-layout-flow wp-container-core-group-is-layout-14 wp-block-group-is-layout-flow\" style=\"margin-top:0px;padding-top:40px;padding-right:40px;padding-bottom:40px;padding-left:40px\"><h3 style=\"font-style:normal;font-weight:600;\" class=\"alignwide wp-block-post-title has-large-font-size\"><a href=\"https:\/\/spartanfitselce.com\/?p=1561\" target=\"_self\" >A Little Taste of History<\/a><\/h3>\n\n<div style=\"font-style:normal;font-weight:300;\" class=\"has-link-color wp-elements-2920b6a6b0d3e465a7ea751f3ab719c4 wp-block-post-date has-small-font-size\"><time datetime=\"2023-11-01T02:52:14+01:00\"><a href=\"https:\/\/spartanfitselce.com\/?p=1561\">November 1, 2023<\/a><\/time><\/div>\n\n<div class=\"has-link-color wp-elements-4f13d728141940ba53feeec060a0c2dd wp-block-post-excerpt\"><p class=\"wp-block-post-excerpt__excerpt\">Today&#8217;s date (November 1st) marks the official beginning or rather the continuation of a story that informally stretches over the last six years. It signifies something of immense importance to [&hellip;]<\/p><p class=\"wp-block-post-excerpt__more-text\"><a class=\"wp-block-post-excerpt__more-link\" href=\"https:\/\/spartanfitselce.com\/?p=1561\">Know More<a role=\"textbox\" aria-label=\"&quot;Read more&quot; link text\" class=\"block-editor-rich-text__editable wp-block-post-excerpt__more-link rich-text\" style=\"font-size: revert;font-family: var(--wp--preset--font-family--poppins);min-width: 1px\"><\/a><\/a><\/p><\/div><\/div>\n<\/div>\n\n<\/li><li class=\"wp-block-post post-1564 post type-post status-publish format-standard has-post-thumbnail hentry category-bethechange\">\n\n<div class=\"wp-block-group has-shadow-dark animated animated-fadeInUp is-layout-constrained wp-container-core-group-is-layout-17 wp-block-group-is-layout-constrained\" style=\"padding-top:0px;padding-right:0px;padding-bottom:0px;padding-left:0px\"><figure class=\"alignwide no-padding wp-block-post-featured-image\"><a href=\"https:\/\/spartanfitselce.com\/?p=1564\" target=\"_self\"  ><img loading=\"lazy\" decoding=\"async\" width=\"1366\" height=\"1366\" src=\"https:\/\/spartanfitselce.com\/wp-content\/uploads\/2024\/03\/62483501_10218723133486877_7865027194282573824_n.jpg\" class=\"attachment-post-thumbnail size-post-thumbnail wp-post-image\" alt=\"Swimming Beyond Limits: Conquering a Personal Challenge in the Open Sea\" style=\"object-fit:cover;\" srcset=\"https:\/\/spartanfitselce.com\/wp-content\/uploads\/2024\/03\/62483501_10218723133486877_7865027194282573824_n.jpg 1366w, https:\/\/spartanfitselce.com\/wp-content\/uploads\/2024\/03\/62483501_10218723133486877_7865027194282573824_n-300x300.jpg 300w, https:\/\/spartanfitselce.com\/wp-content\/uploads\/2024\/03\/62483501_10218723133486877_7865027194282573824_n-1024x1024.jpg 1024w, https:\/\/spartanfitselce.com\/wp-content\/uploads\/2024\/03\/62483501_10218723133486877_7865027194282573824_n-150x150.jpg 150w, https:\/\/spartanfitselce.com\/wp-content\/uploads\/2024\/03\/62483501_10218723133486877_7865027194282573824_n-768x768.jpg 768w\" sizes=\"auto, (max-width: 1366px) 100vw, 1366px\" \/><\/a><\/figure>\n\n\n<div class=\"wp-block-group alignwide has-background-background-color has-background is-layout-flow wp-container-core-group-is-layout-16 wp-block-group-is-layout-flow\" style=\"margin-top:0px;padding-top:40px;padding-right:40px;padding-bottom:40px;padding-left:40px\"><h3 style=\"font-style:normal;font-weight:600;\" class=\"alignwide wp-block-post-title has-large-font-size\"><a href=\"https:\/\/spartanfitselce.com\/?p=1564\" target=\"_self\" >Swimming Beyond Limits: Conquering a Personal Challenge in the Open Sea<\/a><\/h3>\n\n<div style=\"font-style:normal;font-weight:300;\" class=\"has-link-color wp-elements-2920b6a6b0d3e465a7ea751f3ab719c4 wp-block-post-date has-small-font-size\"><time datetime=\"2023-08-17T02:53:54+02:00\"><a href=\"https:\/\/spartanfitselce.com\/?p=1564\">August 17, 2023<\/a><\/time><\/div>\n\n<div class=\"has-link-color wp-elements-4f13d728141940ba53feeec060a0c2dd wp-block-post-excerpt\"><p class=\"wp-block-post-excerpt__excerpt\">It&#8217;s sometimes challenging to convey the experienced emotions after an event or accomplishment of this nature, but I&#8217;ll try. I swam my first marathon eight years ago (can&#8217;t believe it&#8217;s [&hellip;]<\/p><p class=\"wp-block-post-excerpt__more-text\"><a class=\"wp-block-post-excerpt__more-link\" href=\"https:\/\/spartanfitselce.com\/?p=1564\">Know More<a role=\"textbox\" aria-label=\"&quot;Read more&quot; link text\" class=\"block-editor-rich-text__editable wp-block-post-excerpt__more-link rich-text\" style=\"font-size: revert;font-family: var(--wp--preset--font-family--poppins);min-width: 1px\"><\/a><\/a><\/p><\/div><\/div>\n<\/div>\n\n<\/li><\/ul>\n\n<nav class=\"wp-block-query-pagination is-content-justification-center is-layout-flex wp-container-core-query-pagination-is-layout-1 wp-block-query-pagination-is-layout-flex\" aria-label=\"Pagination\">\n\n\n<div class=\"wp-block-query-pagination-numbers\"><span aria-current=\"page\" class=\"page-numbers current\">1<\/span>\n<a class=\"page-numbers\" href=\"?query-1-page=2&#038;rest_route=%2Fwp%2Fv2%2Fpages%2F66\">2<\/a>\n<a class=\"page-numbers\" href=\"?query-1-page=3&#038;rest_route=%2Fwp%2Fv2%2Fpages%2F66\">3<\/a>\n<span class=\"page-numbers dots\">&hellip;<\/span>\n<a class=\"page-numbers\" href=\"?query-1-page=8&#038;rest_route=%2Fwp%2Fv2%2Fpages%2F66\">8<\/a><\/div>\n\n<a href=\"\/index.php?rest_route=%2Fwp%2Fv2%2Fpages%2F66&#038;query-1-page=2\" class=\"wp-block-query-pagination-next\">Next Page<\/a>\n<\/nav><\/main>\n<\/div>\n<\/div>\n","protected":false},"excerpt":{"rendered":"<p>From Us To You Recent News<\/p>\n","protected":false},"author":1,"featured_media":1847,"parent":0,"menu_order":0,"comment_status":"closed","ping_status":"closed","template":"blog-site-with-sidebar","meta":{"footnotes":""},"class_list":["post-66","page","type-page","status-publish","has-post-thumbnail","hentry"],"_links":{"self":[{"href":"https:\/\/spartanfitselce.com\/index.php?rest_route=\/wp\/v2\/pages\/66","targetHints":{"allow":["GET"]}}],"collection":[{"href":"https:\/\/spartanfitselce.com\/index.php?rest_route=\/wp\/v2\/pages"}],"about":[{"href":"https:\/\/spartanfitselce.com\/index.php?rest_route=\/wp\/v2\/types\/page"}],"author":[{"embeddable":true,"href":"https:\/\/spartanfitselce.com\/index.php?rest_route=\/wp\/v2\/users\/1"}],"replies":[{"embeddable":true,"href":"https:\/\/spartanfitselce.com\/index.php?rest_route=%2Fwp%2Fv2%2Fcomments&post=66"}],"version-history":[{"count":2,"href":"https:\/\/spartanfitselce.com\/index.php?rest_route=\/wp\/v2\/pages\/66\/revisions"}],"predecessor-version":[{"id":1607,"href":"https:\/\/spartanfitselce.com\/index.php?rest_route=\/wp\/v2\/pages\/66\/revisions\/1607"}],"wp:featuredmedia":[{"embeddable":true,"href":"https:\/\/spartanfitselce.com\/index.php?rest_route=\/wp\/v2\/media\/1847"}],"wp:attachment":[{"href":"https:\/\/spartanfitselce.com\/index.php?rest_route=%2Fwp%2Fv2%2Fmedia&parent=66"}],"curies":[{"name":"wp","href":"https:\/\/api.w.org\/{rel}","templated":true}]}}